**2 + 9*v - 6. Let p(z) = -z**3 + z**2 - 4*z + 3. Let t(h) = -5*p(h) - 2*q(h). What is t(3)?
-15
Let m be (-1*(4 + -8))/2. Let r(n) = 9*n**3 - 24*n**3 + 8*n + 1 - 5*n**m + 14*n**3. Determine r(-6).
-11
Let x be (12/24)/(2/(-52)). Let m = x + 8. Let v(h) = 3*h**3 - 7*h**2 + 3*h + 1. Let b(k) = 2*k**3 - 6*k**2 + 4*k + 1. Let z(w) = 4*b(w) - 3*v(w). What is z(m)?
16
Let d(y) = 2*y**3 - 7*y**2 - 7*y. Let l be d(4). Let o(t) = -t**2 - 11*t + 14. Calculate o(l).
2
Let c(m) = 9*m**3 - 3*m**2 + 7*m - 3. Let f(i) be the second derivative of -i**5/5 + i**4/6 - 2*i**3/3 + i**2 - i. Let r(j) = 3*c(j) + 5*f(j). What is r(-1)?
-6
Suppose 5*j - 279 = -4*r, 158 = 5*r + j - 175. Let u(o) = -o + 0*o - 2 + 74*o**2 - o**3 - r*o**2. Give u(8).
-10
Suppose -n + 96 = -5*n. Let d be (49 - 48)/(2/(n/(-2))). Let g(u) = u - 3 - 3 + 2. What is g(d)?
2
Let o = 161 - 167. Let n(a) = a**2 + 5*a - 5. Give n(o).
1
Suppose 0*z = -5*z + 5. Let l be 3*3*z/(-9). Let g(i) = -2*i**2 + i + 1. What is g(l)?
-2
Let l(n) be the third derivative of n**7/2520 - n**6/144 + n**5/10 - 5*n**2. Let h(r) be the third derivative of l(r). Let c = 18 - 13. Calculate h(c).
5
Suppose 0 = -5*v + 5*u, -9 = 2*v + 3*v + 4*u. Suppose 2*d + 2 - 6 = 0. Let i(k) = -5*k**3 + 3 + 1 - d - 1. What is i(v)?
6
Let o(f) = -7*f**3 + 2*f**2 + 3*f + 3. Let m(z) = -6*z**3 + z**2 + 3*z + 3. Let l(x) = -6*m(x) + 5*o(x). Let s = -5658 + 5655. Calculate l(s).
15
Suppose 0 = -g + 1 - 7. Let z(h) = 7*h**2 + 17*h - 12. Let s(x) = -5*x + 0*x - 3*x - 3*x**2 + 4 + 2. Let l(b) = 5*s(b) + 2*z(b). Calculate l(g).
6
Let m(i) = -i - 2. Let s = -11 - -19. Let p(r) = 38 - 48 + 2*r - r. Let b be p(s). Calculate m(b).
0
Let x = 6 - 9. Let d(q) = 4*q**3 + 4*q**2 + 4*q + 16. Let z(h) = h**3 + h**2 + h + 1. Let t(c) = x*z(c) + d(c). Give t(0).
13
Let w(m) = 1 + 15*m - 5*m - 11*m + 3*m. Calculate w(-3).
-5
Suppose 11*m = -12*m + 10*m. Let z(f) be the first derivative of f**3/3 - f**2/2 + f - 1. Give z(m).
1
Let q(b) = b**3 + 6*b**2 + 6*b + 5. Let s(n) = n**3 + 7*n**2 + 7*n + 1. Let x be s(-6). Let a be q(x). Suppose a*d - 12 = 2*d. Let l(k) = -k + 8. Give l(d).
14
Let i(c) = c**3 - 12*c**2 + 10*c + 6. Let q = 415 - 404. Calculate i(q).
-5
Let p(i) = -16 + 2*i - 5 + 22. Calculate p(-1).
-1
Let x(z) be the third derivative of 0 - 11*z**2 + 0*z + 1/24*z**4 + 1/20*z**5 + 1/6*z**3. Determine x(-2).
11
Let p(x) = -x**2 + 5*x - 1. Let k = 51 + -48. Let h be -15*(-2)/k*(-6)/(-10). Give p(h).
-7
Let d = 296 - 286. Let c(n) = n - 21. Give c(d).
-11
Let f(j) = -7*j**3 - j**2 + j + 1. Let w be f(-1). Let m(r) = -w + 4*r - 3*r - r + r. Give m(6).
0
Let g(o) = -o**2 - 19*o + 4. Suppose -5*h + 57 = -8*h. Let i be g(h). Let n(f) be the first derivative of -f**4/4 + f**3 + 5*f**2/2 - 5*f - 3. Calculate n(i).
-1
Let k(z) = 3*z**2 + 8*z - 21. Let n(t) = 2*t**2 + 5*t - 14. Suppose 5*i = -4*j - 19, -5*i + 0*j - 5*j = 15. Let m(q) = i*n(q) + 5*k(q). Give m(-5).
-7
Let f(o) be the second derivative of -o**3/2 + 11*o**2 - 213*o. Give f(7).
1
Let l(n) = -n**2 - 9*n - 51. Let i(r) = 2*r**2 + 19*r + 95. Let u(b) = -3*i(b) - 5*l(b). What is u(-7)?
5
Let p(d) be the third derivative of -21*d**5/20 - d**4/24 - d**3/6 + 2*d**2 + 25*d. Determine p(-1).
-63
Let a(p) = -3*p - 8. Let f(n) = 2*n + 5. Let m(t) = -2*t - 5. Let o(y) = -6*f(y) - 7*m(y). Let c(q) = 3*a(q) + 5*o(q). Determine c(-8).
-7
Let v(c) = 18*c + 20. Let l(f) = -10*f - 11. Let b(q) = 11*l(q) + 6*v(q). Let y = 11 - 7. Let g(u) = u - 7. Let h be g(y). Give b(h).
5
Let j(p) = -50464*p**2 - p**3 + 50449*p**2 - 2 - 4*p + 22*p. Calculate j(-16).
-34
Let b(g) = 13*g - 16*g + 3 + 16*g. Calculate b(3).
42
Let m = 2085 + -2086. Let w(r) = -r + 3*r + 1 + 6*r**2 + 0. What is w(m)?
5
Let p = -2 - -4. Let j(q) = -3 + 2*q**p + 2*q - 6*q**3 + 4*q**3 + q. Let b(o) = -15*o - 163. Let c be b(-11). Calculate j(c).
-5
Let w(l) be the first derivative of -14 + 0*l + 1/2*l**2. Calculate w(-9).
-9
Let n(m) = -m**2 + 2*m + 11. Let f be 6/5*50/(-20). Let i be n(f). Let d(y) = -y**3 - 5*y**2 - 3*y + 5. What is d(i)?
1
Let i(v) = -3*v + 1. Let r(b) = -2*b. Let y(s) = i(s) + 4*r(s). Give y(1).
-10
Let s(j) = -16*j**3 + 11*j**3 + 7 + 12*j + 12*j**2 + 6*j**3. What is s(-11)?
-4
Let y(g) = -g**2 - 1. Let t(b) = -3*b**2 + b - 3. Let z(r) = 6*t(r) - 13*y(r). Let s(k) = k**2 + 1. Let f = -3 + 7. Let v(c) = f*s(c) + z(c). Calculate v(5).
4
Suppose -5*b - 599 = -569. Let q(m) = -m**3 - 6*m**2 - m + 5. What is q(b)?
11
Let o(t) = 13 + 1 - 6 + 0*t - 2 - t. What is o(11)?
-5
Let b(x) be the first derivative of 3/2*x**4 - 2/3*x**3 + 15 + x + 0*x**2. Calculate b(-1).
-7
Let j(v) be the third derivative of v**5/60 - 7*v**4/24 - v**3/6 + 543*v**2. What is j(9)?
17
Let f be 20/(-6)*18/(-12). Let y(r) = 2*r - 1. Give y(f).
9
Let o = -2 + 6. Let s(x) = 7*x - 10*x**2 - 5 - 3*x + 7*x**2 + o*x**2. Suppose -2*r = -3*r - 6. What is s(r)?
7
Let m(r) = r**2 - 16*r + 9. Let w be m(15). Let n(s) = -s + 9. Let d(c) = -c + 1. Let v(l) = 4*d(l) - n(l). Determine v(w).
13
Let k = 49 + -46. Let d(c) = -7*c**2 + k + 8*c**2 - 1 - 2*c. Determine d(2).
2
Let w(f) be the second derivative of -f**5/20 - f**2/2 - 14*f. Let k be (-4)/(-8)*68/2. Let v = -19 + k. What is w(v)?
7
Let d(a) be the second derivative of a**5/4 - a**3/6 + a**2/2 + 12*a. Suppose -2*t - 3 = 5*z, -7*t + 10*t + 1 = -4*z. Determine d(t).
5
Let j(s) = -s**2 - s. Let h(z) = -z**2 + 6*z + 5. Let a(c) = -c - 1. Let o(u) = -6*a(u) - h(u). Let l be o(1). Suppose 0 = r - l. What is j(r)?
-6
Let z(d) be the second derivative of 0 + 1/12*d**4 + 1/2*d**3 - 5/2*d**2 - 1/60*d**5 + 9*d. Let c(n) be the first derivative of z(n). Determine c(3).
0
Let m(i) = -i**3 - 7*i**2 - 5*i + 8. Suppose 0 = 319*x - 315*x + 24. Determine m(x).
2
Let w(i) = -i**3 - 3*i**2 - 2. Let n(u) = u**3 - 4*u**2 - 3*u - 12. Let f be n(5). Let s be (1/f)/((-5)/(-30)). What is w(s)?
-2
Suppose -4*b + 2*r - 3*r - 17 = 0, -2*r - 13 = b. Let o(g) be the first derivative of -3*g**2/2 - 691. What is o(b)?
9
Let b be 288/15 + 1/(-5). Let o = -12 + b. Let c(n) = -n**2 + 6*n + 8. What is c(o)?
1
Let p(z) = -5*z - 2*z - 801 + 850 + 0*z. Give p(7).
0
Let t(n) = -7*n**2 + 0*n**3 - n**3 - 678*n + 671*n + 2. Suppose -6*b + b - 3*q = 33, -2*b = q + 13. Determine t(b).
8
Let l(w) = w**2 - 2*w - 5. Suppose -m + 3*o + 25 = 0, m = o - 0*o + 17. Let f(u) = -2*u**2 + 25*u + 18. Let n be f(m). Determine l(n).
10
Let b(i) be the second derivative of -1/12*i**4 + 1/2*i**2 + i**3 + 0 + 8*i. Give b(6).
1
Let h(k) = 17*k - 18*k + 2 + 2 - 7. What is h(-6)?
3
Let s(v) = v**3 + 8*v**2 - 11*v - 13. Let p be (-12)/(-9)*9/4 - -1. Suppose 5*t - 46 = 4*k - 0*t, -p*k = 2*t + 32. Calculate s(k).
5
Let q = -205 + 209. Let t(z) = -4*z**3 + 3*z**2 + 6*z. Let u(d) = 7*d**3 - 6*d**2 - 11*d. Let y be 0 - 2/(4/(-6)). Let a(k) = y*u(k) + 5*t(k). Calculate a(q).
4
Let t(j) = -12*j**2 + 2*j - 1. Let f(i) = 24*i**2 - 5*i + 2. Let o(u) = u**2 + 6*u + 10. Let l be o(-5). Let p(z) = l*t(z) + 2*f(z). Determine p(1).
-13
Let q(n) = -2 - 5*n**2 - 2*n + n**3 + 7 + 2*n - 6*n. Let r(a) = 2*a - 74. Let d be r(40). Determine q(d).
5
Let s be 0/(-4 + (-4)/(-2)). Let z(l) = -2*l**3 - l. Let v(i) = 9*i**3 + i**2 + 4*i - 26. Let n(b) = -v(b) - 4*z(b). Give n(s).
26
Let u(o) = -o**3 + 5*o**2 - 3*o - 3. Let i(r) = r**2 + 13*r. Let p be i(-13). Let z(m) = m**3 + m**2 - m + 3. Let x be z(p). What is u(x)?
6
Let t(s) = s + 16. Let i be 0/7 + (2 + -13)/1. Give t(i).
5
Let m = -8 + 13. Suppose 4*v + 2 = 2*v + 3*k, -v - 14 = m*k. Let d(r) = -5*r**2 + 9*r - 11. Let f(o) = -o**2 + o - 1. Let j(y) = -d(y) + 6*f(y). Calculate j(v).
1
Let w = -33 - -35. Let j(a) = -a**3 + 4*a**2 - a + 4. Let x be j(4). Let v(g) = -5*g**3 - 3 + 2*g + x*g + 4*g**3. Determine v(w).
-7
Let m be (1/1)/((-2)/(-4)). Suppose -5*u - 15 = 5*h, m*h = 4*h - u - 9. Let z(r) = 5*r - 5*r + 3*r - h*r. What is z(0)?
0
Let x(l) = -l**3 - l**2 + 2*l - 2. Suppose 0 = -4*h + 5*z + 23, 2*h + 2*h = -5*z - 7. Calculate x(h).
-10
Let n(w) be the first derivative of -2*w**2 + 1. Let b(z) = 32*z - 1. Let m be b(1). Let s = m + -30. Determine n(s).
-4
Let g(z) = z - 1. Let r = -26 + 60. Let i = r - 28. Calculate g(i).
5
Let m(f) = 57*f - 4. Let w(q) = -49*q + 4. Let x(j) = -6*m(j) - 7*w(j). Determine x(10).
6
Let u be (-2)/17 + (-2965)/85. Let h = -35 - u. L